{"id":415,"date":"2025-01-07T13:19:33","date_gmt":"2025-01-07T12:19:33","guid":{"rendered":"https:\/\/finder-akademie.de\/cannabis-schule-praevention\/?page_id=415"},"modified":"2025-01-26T18:56:41","modified_gmt":"2025-01-26T17:56:41","slug":"1-analyse-des-ist-stands","status":"publish","type":"page","link":"https:\/\/cannabis-leitfaden.schule\/?page_id=415","title":{"rendered":"1. Analyse"},"content":{"rendered":"<div class=\"fusion-fullwidth fullwidth-box fusion-builder-row-1 fusion-flex-container has-pattern-background has-mask-background nonhundred-percent-fullwidth non-hundred-percent-height-scrolling\" style=\"--awb-border-radius-top-left:0px;--awb-border-radius-top-right:0px;--awb-border-radius-bottom-right:0px;--awb-border-radius-bottom-left:0px;--awb-flex-wrap:wrap;\" ><div class=\"fusion-builder-row fusion-row fusion-flex-align-items-flex-start fusion-flex-justify-content-center fusion-flex-content-wrap\" style=\"max-width:1456px;margin-left: calc(-4% \/ 2 );margin-right: calc(-4% \/ 2 );\"><div class=\"fusion-layout-column fusion_builder_column fusion-builder-column-0 fusion_builder_column_2_3 2_3 fusion-flex-column fusion-flex-align-self-flex-end\" style=\"--awb-bg-size:cover;--awb-width-large:66.666666666667%;--awb-margin-top-large:0px;--awb-spacing-right-large:2.88%;--awb-margin-bottom-large:20px;--awb-spacing-left-large:2.88%;--awb-width-medium:100%;--awb-order-medium:0;--awb-spacing-right-medium:1.92%;--awb-spacing-left-medium:1.92%;--awb-width-small:100%;--awb-order-small:0;--awb-spacing-right-small:1.92%;--awb-spacing-left-small:1.92%;\"><div class=\"fusion-column-wrapper fusion-column-has-shadow fusion-flex-justify-content-flex-start fusion-content-layout-column\"><div class=\"fusion-title title fusion-title-1 fusion-sep-none fusion-title-text fusion-title-size-two\" style=\"--awb-text-color:var(--awb-color8);--awb-margin-bottom:20px;--awb-margin-top-small:10px;--awb-margin-right-small:0px;--awb-margin-bottom-small:10px;--awb-margin-left-small:0px;\" id=\"leitfaden-headline\"><h2 class=\"fusion-title-heading title-heading-left\" style=\"margin:0;\">Schritt 1: Analyse des Ist-Stands<\/h2><\/div><div class=\"fusion-text fusion-text-1 fusion-text-no-margin\" style=\"--awb-margin-bottom:0px;\" id=\"einleitung\"><p>Die schulische Suchtpr\u00e4vention steht vor neuen Herausforderungen. Das Gesetz zum Umgang mit Cannabis macht eine \u00dcberpr\u00fcfung bestehender Pr\u00e4ventionskonzepte erforderlich. Doch bevor Sie \u00c4nderungen vornehmen oder neue Programme einf\u00fchren, lohnt sich ein systematischer Blick auf die aktuelle Situation an Ihrer Schule: Was hat sich bew\u00e4hrt? Wo sehen Sie Handlungsbedarf? Welche Ressourcen stehen zur Verf\u00fcgung? Eine sorgf\u00e4ltige Analyse zu Beginn spart sp\u00e4ter Zeit und Energie, weil sie hilft, die richtigen Schwerpunkte zu setzen.<\/p>\n<\/div><div class=\"fusion-title title fusion-title-2 fusion-sep-none fusion-title-text fusion-title-size-four\" style=\"--awb-margin-top:40px;--awb-margin-top-small:30px;--awb-margin-right-small:0px;--awb-margin-bottom-small:10px;--awb-margin-left-small:0px;\"><h4 class=\"fusion-title-heading title-heading-left\" style=\"margin:0;\">Leitfragen f\u00fcr die Analyse<\/h4><\/div><div class=\"fusion-text fusion-text-2\"><p>F\u00fcr eine fundierte Analyse ist es wichtig, die aktuelle Situation an der Schule systematisch zu erfassen. Dies umfasst sowohl formelle Daten wie Vorfallberichte oder Dokumentationen bisheriger Pr\u00e4ventionsma\u00dfnahmen als auch informelle R\u00fcckmeldungen aus dem Schulalltag. Sprechen Sie mit verschiedenen Beteiligten.<\/p>\n<\/div><div class=\"accordian fusion-accordian\" style=\"--awb-border-size:1px;--awb-icon-size:24px;--awb-content-font-size:var(--awb-typography4-font-size);--awb-icon-alignment:right;--awb-hover-color:var(--awb-color2);--awb-border-color:var(--awb-color3);--awb-background-color:var(--awb-color2);--awb-divider-color:var(--awb-color3);--awb-divider-hover-color:var(--awb-color3);--awb-icon-color:var(--awb-color4);--awb-title-color:var(--awb-color8);--awb-content-color:var(--awb-color8);--awb-icon-box-color:var(--awb-color8);--awb-toggle-hover-accent-color:var(--awb-color5);--awb-title-font-family:var(--awb-typography1-font-family);--awb-title-font-weight:var(--awb-typography1-font-weight);--awb-title-font-style:var(--awb-typography1-font-style);--awb-title-font-size:16px;--awb-content-font-family:var(--awb-typography4-font-family);--awb-content-font-weight:var(--awb-typography4-font-weight);--awb-content-font-style:var(--awb-typography4-font-style);\"><div class=\"panel-group fusion-toggle-icon-right fusion-toggle-icon-unboxed\" id=\"accordion-415-1\"><div class=\"fusion-panel panel-default panel-9a4dab85e3e944b42 fusion-toggle-no-divider fusion-toggle-boxed-mode\"><div class=\"panel-heading\"><h4 class=\"panel-title toggle\" id=\"toggle_9a4dab85e3e944b42\"><a aria-expanded=\"false\" aria-controls=\"9a4dab85e3e944b42\" role=\"button\" data-toggle=\"collapse\" data-parent=\"#accordion-415-1\" data-target=\"#9a4dab85e3e944b42\" href=\"#9a4dab85e3e944b42\"><span class=\"fusion-toggle-icon-wrapper\" aria-hidden=\"true\"><i class=\"fa-fusion-box active-icon fa-angle-up fas\" aria-hidden=\"true\"><\/i><i class=\"fa-fusion-box inactive-icon fa-angle-down fas\" aria-hidden=\"true\"><\/i><\/span><span class=\"fusion-toggle-heading\">Wie ist die aktuelle Situation?<\/span><\/a><\/h4><\/div><div id=\"9a4dab85e3e944b42\" class=\"panel-collapse collapse \" aria-labelledby=\"toggle_9a4dab85e3e944b42\"><div class=\"panel-body toggle-content fusion-clearfix\">\n<ul>\n<li>Lehrkr\u00e4fte: Welche Erfahrungen und Beobachtungen gibt es aus dem Unterricht?<\/li>\n<li>Schulsozialarbeit: Welche Themen und Probleme tauchen in der Beratung auf?<\/li>\n<li>Sch\u00fclervertretung: Wie ist die Wahrnehmung der Jugendlichen selbst?<\/li>\n<li>Elternbeirat: Welche Sorgen und Anregungen gibt es von Seiten der Eltern?<\/li>\n<\/ul>\n<\/div><\/div><\/div><div class=\"fusion-panel panel-default panel-a9da127656b00e3eb fusion-toggle-no-divider fusion-toggle-boxed-mode\"><div class=\"panel-heading\"><h4 class=\"panel-title toggle\" id=\"toggle_a9da127656b00e3eb\"><a aria-expanded=\"false\" aria-controls=\"a9da127656b00e3eb\" role=\"button\" data-toggle=\"collapse\" data-parent=\"#accordion-415-1\" data-target=\"#a9da127656b00e3eb\" href=\"#a9da127656b00e3eb\"><span class=\"fusion-toggle-icon-wrapper\" aria-hidden=\"true\"><i class=\"fa-fusion-box active-icon fa-angle-up fas\" aria-hidden=\"true\"><\/i><i class=\"fa-fusion-box inactive-icon fa-angle-down fas\" aria-hidden=\"true\"><\/i><\/span><span class=\"fusion-toggle-heading\">Was gibt es bereits?<\/span><\/a><\/h4><\/div><div id=\"a9da127656b00e3eb\" class=\"panel-collapse collapse \" aria-labelledby=\"toggle_a9da127656b00e3eb\"><div class=\"panel-body toggle-content fusion-clearfix\">\n<p>Dokumentieren Sie auch bereits vorhandene Ressourcen wie ausgebildete Pr\u00e4ventionsfachkr\u00e4fte, etablierte Kooperationen mit externen Partnern oder bew\u00e4hrte Unterrichtsmaterialien. Eine ehrliche Bestandsaufnahme hilft, St\u00e4rken und Schw\u00e4chen zu erkennen und darauf aufbauend realistische n\u00e4chste Schritte zu planen.<\/p>\n<ul>\n<li>Welche Pr\u00e4ventionsma\u00dfnahmen sind etabliert und bew\u00e4hrt?<\/li>\n<li>In welchen F\u00e4chern\/Projekten wird Suchtpr\u00e4vention bereits behandelt?<\/li>\n<li>Mit welchen externen Partnern arbeiten Sie zusammen?<\/li>\n<\/ul>\n<p>\u00dcberpr\u00fcfen Sie in der &#8222;Gr\u00fcnen Liste Pr\u00e4vention&#8220; (<a href=\"http:\/\/www.gruene-liste-praevention.de\" target=\"_blank\" rel=\"noopener\">www.gruene-liste-praevention.de<\/a>), ob es einen Wirksamkeitsnachweis f\u00fcr die bestehende Praxis gibt.<\/p>\n<p>Die Orientierung an wissenschaftlich gepr\u00fcften Programmen erh\u00f6ht die Wahrscheinlichkeit, dass die Pr\u00e4ventionsarbeit die gew\u00fcnschte Wirkung erzielt.<\/p>\n<\/div><\/div><\/div><div class=\"fusion-panel panel-default panel-932906d65022edbd1 fusion-toggle-no-divider fusion-toggle-boxed-mode\"><div class=\"panel-heading\"><h4 class=\"panel-title toggle\" id=\"toggle_932906d65022edbd1\"><a aria-expanded=\"false\" aria-controls=\"932906d65022edbd1\" role=\"button\" data-toggle=\"collapse\" data-parent=\"#accordion-415-1\" data-target=\"#932906d65022edbd1\" href=\"#932906d65022edbd1\"><span class=\"fusion-toggle-icon-wrapper\" aria-hidden=\"true\"><i class=\"fa-fusion-box active-icon fa-angle-up fas\" aria-hidden=\"true\"><\/i><i class=\"fa-fusion-box inactive-icon fa-angle-down fas\" aria-hidden=\"true\"><\/i><\/span><span class=\"fusion-toggle-heading\">Was ist umsetzbar?<\/span><\/a><\/h4><\/div><div id=\"932906d65022edbd1\" class=\"panel-collapse collapse \" aria-labelledby=\"toggle_932906d65022edbd1\"><div class=\"panel-body toggle-content fusion-clearfix\">\n<ul>\n<li>Wer im Kollegium kann und will sich engagieren?<\/li>\n<li>Welche zeitlichen Fenster bieten sich im Schuljahr an?<\/li>\n<li>Welche Fortbildungsbedarfe bestehen?<\/li>\n<li>Welche F\u00f6rderm\u00f6glichkeiten k\u00f6nnen Sie nutzen?<\/li>\n<\/ul>\n<\/div><\/div><\/div><\/div><\/div><div id=\"leitfaden-widget\" class=\"leitfaden-widget\">\n    <div class=\"row\">\n        <div class=\"col-xs-12\">\n            <a href=\"\/?page_id=229\" class=\"leitfaden-widget-closer\" title=\"Leitfaden\">\n                <h6>Leitfaden<\/h6>\n            <\/a>\n        <\/div>\n    <\/div>\n<div class=\"bg\">    \n<div class=\"row\">\n        <div class=\"col-xs-6\">\n            <a href=\"\/?page_id=415\" class=\"\">\n                <div class=\"\">\n                    <div class=\"step-label\">Analyse<\/div>\n                    <span class=\"icon-wrapper icon-step icon-step-bottom-curved\">\n                        <i class=\"fas fa-chart-bar\"><\/i>\n                    <\/span>\n                <\/div>\n            <\/a>\n        <\/div>        \n        <div class=\"col-xs-6\">\n            <a href=\"\/?page_id=421\" class=\"\">\n                <div class=\"\">\n                    <div class=\"step-label\">Planung<\/div>\n                    <span class=\"icon-wrapper icon-step icon-step-left-curved\">\n                        <i class=\"fas fa-sliders-h\"><\/i>\n                    <\/span>\n                <\/div>\n            <\/a>\n        <\/div>\n    <\/div>\n    <div class=\"row\">\n<div class=\"col-xs-6\">\n            <a href=\"\/?page_id=424\" class=\"\">\n                <div class=\"\">\n                    <div class=\"step-label\">Auswertung<\/div>\n                    <span class=\"icon-wrapper icon-step icon-step-right-curved\">\n                        <i class=\"fas fa-check\"><\/i>\n                    <\/span>\n                <\/div>\n            <\/a>\n        <\/div>\n      <div class=\"col-xs-6\">\n            <a href=\"\/?page_id=485\" class=\"\">\n                <div class=\"\">\n                    <div class=\"step-label\">Umsetzung<\/div>\n                    <span class=\"icon-wrapper icon-step icon-step-top-curved\">\n                        <i class=\"fas fa-paper-plane\"><\/i>\n                    <\/span>\n                <\/div>\n            <\/a>\n        <\/div>\n    <\/div>\n<\/div>\n<\/div>\n<\/div><\/div><div class=\"fusion-layout-column fusion_builder_column fusion-builder-column-1 fusion_builder_column_2_3 2_3 fusion-flex-column\" style=\"--awb-bg-size:cover;--awb-width-large:66.666666666667%;--awb-margin-top-large:0px;--awb-spacing-right-large:2.88%;--awb-margin-bottom-large:20px;--awb-spacing-left-large:2.88%;--awb-width-medium:66.666666666667%;--awb-order-medium:0;--awb-spacing-right-medium:2.88%;--awb-spacing-left-medium:2.88%;--awb-width-small:100%;--awb-order-small:0;--awb-spacing-right-small:1.92%;--awb-spacing-left-small:1.92%;\"><div class=\"fusion-column-wrapper fusion-column-has-shadow fusion-flex-justify-content-flex-start fusion-content-layout-column\"><div class=\"fusion-title title fusion-title-3 fusion-sep-none fusion-title-text fusion-title-size-four\" style=\"--awb-margin-top-small:10px;--awb-margin-right-small:0px;--awb-margin-bottom-small:10px;--awb-margin-left-small:0px;\"><h4 class=\"fusion-title-heading title-heading-left\" style=\"margin:0;\">Typische Ausgangssituationen<\/h4><\/div><div class=\"fusion-content-boxes content-boxes columns row fusion-columns-1 fusion-columns-total-3 fusion-content-boxes-1 content-boxes-icon-on-side content-left\" style=\"--awb-backgroundcolor:var(--awb-color3);--awb-margin-bottom:0px;--awb-hover-accent-color:var(--awb-color4);--awb-circle-hover-accent-color:var(--awb-color4);--awb-item-margin-bottom:40px;\" data-animationOffset=\"top-into-view\"><div style=\"--awb-backgroundcolor:var(--awb-color3);--awb-content-padding-left:64px;\" class=\"fusion-column content-box-column content-box-column content-box-column-1 col-lg-12 col-md-12 col-sm-12 fusion-content-box-hover content-box-column-last-in-row\"><div class=\"col content-box-wrapper content-wrapper-background link-area-link-icon content-icon-wrapper-yes icon-hover-animation-fade\" data-animationOffset=\"top-into-view\"><div class=\"heading heading-with-icon icon-left\"><div class=\"icon\"><span style=\"height:42px;width:42px;line-height:22px;border-color:rgba(255,255,255,0);border-width:1px;border-style:solid;background-color:var(--awb-color4);margin-right:20px;box-sizing:content-box;border-radius:50%;\"><i style=\"border-color:var(--awb-color4);border-width:1px;background-color:var(--awb-color4);box-sizing:content-box;height:40px;width:40px;line-height:40px;border-radius:50%;position:relative;top:auto;left:auto;margin:0;border-radius:50%;font-size:20px;\" aria-hidden=\"true\" class=\"fontawesome-icon fa-play fas circle-yes\"><\/i><\/span><\/div><h2 class=\"content-box-heading\" style=\"--h2_typography-font-size:24px;line-height:29px;padding-left:64px;\">Situation A: Erste Schritte<\/h2><\/div><div class=\"fusion-clearfix\"><\/div><div class=\"content-container\">\n<ul>\n<li>Bisher keine systematische Suchtpr\u00e4vention<\/li>\n<li>Einzelne engagierte Lehrkr\u00e4fte<\/li>\n<li>Unsicherheit \u00fcber Handlungsbedarf<\/li>\n<\/ul>\n<p><b>\u2192 Empfehlung<\/b>: Beginnen Sie mit einer Bestandsaufnahme in den h\u00f6heren Klassen (8-10), wo oft der erste Kontakt mit Cannabis stattfindet.<\/p>\n<\/div><\/div><\/div><div style=\"--awb-backgroundcolor:var(--awb-color3);--awb-content-padding-left:64px;\" class=\"fusion-column content-box-column content-box-column content-box-column-2 col-lg-12 col-md-12 col-sm-12 fusion-content-box-hover content-box-column-last-in-row\"><div class=\"col content-box-wrapper content-wrapper-background link-area-link-icon content-icon-wrapper-yes icon-hover-animation-fade\" data-animationOffset=\"top-into-view\"><div class=\"heading heading-with-icon icon-left\"><div class=\"icon\"><span style=\"height:42px;width:42px;line-height:22px;border-color:rgba(255,255,255,0);border-width:1px;border-style:solid;background-color:var(--awb-color4);margin-right:20px;box-sizing:content-box;border-radius:50%;\"><i style=\"border-color:var(--awb-color4);border-width:1px;background-color:var(--awb-color4);box-sizing:content-box;height:40px;width:40px;line-height:40px;border-radius:50%;position:relative;top:auto;left:auto;margin:0;border-radius:50%;font-size:20px;\" aria-hidden=\"true\" class=\"fontawesome-icon fa-braille fas circle-yes\"><\/i><\/span><\/div><h2 class=\"content-box-heading\" style=\"--h2_typography-font-size:24px;line-height:29px;padding-left:64px;\">Situation B: Punktuelle Pr\u00e4vention<\/h2><\/div><div class=\"fusion-clearfix\"><\/div><div class=\"content-container\">\n<ul>\n<li>Einzelne Programme oder Projekttage<\/li>\n<li>Wenig Vernetzung der Aktivit\u00e4ten<\/li>\n<li>Schwankende Beteiligung<\/li>\n<\/ul>\n<p><b>\u2192 Empfehlung:<\/b> Verkn\u00fcpfen Sie bestehende Aktivit\u00e4ten und schaffen Sie verbindliche Strukturen.<\/div><\/div><\/div><div style=\"--awb-backgroundcolor:var(--awb-color3);--awb-content-padding-left:64px;\" class=\"fusion-column content-box-column content-box-column content-box-column-3 col-lg-12 col-md-12 col-sm-12 fusion-content-box-hover content-box-column-last content-box-column-last-in-row\"><div class=\"col content-box-wrapper content-wrapper-background link-area-link-icon content-icon-wrapper-yes icon-hover-animation-fade\" data-animationOffset=\"top-into-view\"><div class=\"heading heading-with-icon icon-left\"><div class=\"icon\"><span style=\"height:42px;width:42px;line-height:22px;border-color:rgba(255,255,255,0);border-width:1px;border-style:solid;background-color:var(--awb-color4);margin-right:20px;box-sizing:content-box;border-radius:50%;\"><i style=\"border-color:var(--awb-color4);border-width:1px;background-color:var(--awb-color4);box-sizing:content-box;height:40px;width:40px;line-height:40px;border-radius:50%;position:relative;top:auto;left:auto;margin:0;border-radius:50%;font-size:20px;\" aria-hidden=\"true\" class=\"fontawesome-icon fa-star fas circle-yes\"><\/i><\/span><\/div><h2 class=\"content-box-heading\" style=\"--h2_typography-font-size:24px;line-height:29px;padding-left:64px;\">Situation C: Etablierte Pr\u00e4vention<\/h2><\/div><div class=\"fusion-clearfix\"><\/div><div class=\"content-container\">\n<ul>\n<li>Bew\u00e4hrte Programme in mehreren Jahrg\u00e4ngen<\/li>\n<li>Aktives Pr\u00e4ventionsteam<\/li>\n<li>Gute externe Vernetzung<\/li>\n<\/ul>\n<p><b>\u2192 Empfehlung:<\/b> \u00dcberpr\u00fcfen Sie die bestehenden Ma\u00dfnahmen auf Aktualit\u00e4t und erg\u00e4nzen Sie bei Bedarf.<\/div><\/div><\/div><div class=\"fusion-clearfix\"><\/div><\/div><\/div><\/div><div class=\"fusion-layout-column fusion_builder_column fusion-builder-column-2 fusion_builder_column_2_3 2_3 fusion-flex-column\" style=\"--awb-padding-top:20px;--awb-padding-right:20px;--awb-padding-bottom:20px;--awb-padding-left:20px;--awb-overflow:hidden;--awb-bg-color:var(--awb-color2);--awb-bg-color-hover:var(--awb-color2);--awb-bg-size:cover;--awb-border-color:var(--awb-color8);--awb-border-top:1px;--awb-border-right:1px;--awb-border-bottom:1px;--awb-border-left:1px;--awb-border-style:solid;--awb-border-radius:15px 15px 15px 15px;--awb-width-large:66.666666666667%;--awb-margin-top-large:0px;--awb-spacing-right-large:2.88%;--awb-margin-bottom-large:30px;--awb-spacing-left-large:2.88%;--awb-width-medium:66.666666666667%;--awb-order-medium:0;--awb-spacing-right-medium:2.88%;--awb-spacing-left-medium:2.88%;--awb-width-small:100%;--awb-order-small:0;--awb-spacing-right-small:1.92%;--awb-spacing-left-small:1.92%;\"><div class=\"fusion-column-wrapper fusion-column-has-shadow fusion-flex-justify-content-flex-start fusion-content-layout-column\"><div class=\"fusion-title title fusion-title-4 fusion-sep-none fusion-title-text fusion-title-size-four\" style=\"--awb-margin-top:0px;--awb-margin-top-small:10px;--awb-margin-right-small:0px;--awb-margin-bottom-small:10px;--awb-margin-left-small:0px;\"><h4 class=\"fusion-title-heading title-heading-left\" style=\"margin:0;\">Checkliste f\u00fcr die Dokumentation<\/h4><\/div><ul style=\"--awb-iconcolor:var(--awb-color4);--awb-line-height:27.2px;--awb-icon-width:27.2px;--awb-icon-height:27.2px;--awb-icon-margin:11.2px;--awb-content-margin:38.4px;\" class=\"fusion-checklist fusion-checklist-1 fusion-checklist-default type-icons\"><li class=\"fusion-li-item\" style=\"\"><span class=\"icon-wrapper circle-no\"><i class=\"fusion-li-icon fa-edit far\" aria-hidden=\"true\"><\/i><\/span><div class=\"fusion-li-item-content\">\n<p class=\"whitespace-pre-wrap break-words\">Aktuelle Pr\u00e4ventionsma\u00dfnahmen erfasst<\/p>\n<\/div><\/li><li class=\"fusion-li-item\" style=\"\"><span class=\"icon-wrapper circle-no\"><i class=\"fusion-li-icon fa-edit far\" aria-hidden=\"true\"><\/i><\/span><div class=\"fusion-li-item-content\">\n<p class=\"whitespace-pre-wrap break-words\">R\u00fcckmeldungen aus dem Kollegium eingeholt<\/p>\n<\/div><\/li><li class=\"fusion-li-item\" style=\"\"><span class=\"icon-wrapper circle-no\"><i class=\"fusion-li-icon fa-edit far\" aria-hidden=\"true\"><\/i><\/span><div class=\"fusion-li-item-content\">\n<p class=\"whitespace-pre-wrap break-words\">Erfahrungen der Schulsozialarbeit dokumentiert<\/p>\n<\/div><\/li><li class=\"fusion-li-item\" style=\"\"><span class=\"icon-wrapper circle-no\"><i class=\"fusion-li-icon fa-edit far\" aria-hidden=\"true\"><\/i><\/span><div class=\"fusion-li-item-content\">\n<p class=\"whitespace-pre-wrap break-words\">Sch\u00fclervertretung und Elternbeirat konsultiert<\/p>\n<\/div><\/li><li class=\"fusion-li-item\" style=\"\"><span class=\"icon-wrapper circle-no\"><i class=\"fusion-li-icon fa-edit far\" aria-hidden=\"true\"><\/i><\/span><div class=\"fusion-li-item-content\">\n<p class=\"whitespace-pre-wrap break-words\">Verf\u00fcgbare Ressourcen gekl\u00e4rt<\/p>\n<\/div><\/li><li class=\"fusion-li-item\" style=\"\"><span class=\"icon-wrapper circle-no\"><i class=\"fusion-li-icon fa-edit far\" aria-hidden=\"true\"><\/i><\/span><div class=\"fusion-li-item-content\">\n<p class=\"whitespace-pre-wrap break-words\">Fortbildungsbedarfe ermittelt<\/p>\n<\/div><\/li><li class=\"fusion-li-item\" style=\"\"><span class=\"icon-wrapper circle-no\"><i class=\"fusion-li-icon fa-edit far\" aria-hidden=\"true\"><\/i><\/span><div class=\"fusion-li-item-content\">M\u00f6gliche <span class=\"fusion-popover popover-1\" data-animation=\"1\" data-class=\"popover-1\" data-container=\"popover-1\" data-content=\"F\u00fcr die Weiterentwicklung Ihrer schulischen Suchtpr\u00e4vention stehen verschiedene Partner zur Verf\u00fcgung. Eine Liste k\u00f6nnen Sie Schritt 2 (Planung) entnehmen\" data-delay=\"50\" data-placement=\"top\" data-title=\"Wer unterst\u00fctzt und ber\u00e4t?\" data-toggle=\"popover\" data-trigger=\"hover\">externe Partner<\/span> identifiziert<\/div><\/li><\/ul><\/div><\/div><div class=\"fusion-layout-column fusion_builder_column fusion-builder-column-3 fusion_builder_column_2_3 2_3 fusion-flex-column\" style=\"--awb-bg-size:cover;--awb-width-large:66.666666666667%;--awb-margin-top-large:0px;--awb-spacing-right-large:2.88%;--awb-margin-bottom-large:20px;--awb-spacing-left-large:2.88%;--awb-width-medium:66.666666666667%;--awb-order-medium:0;--awb-spacing-right-medium:2.88%;--awb-spacing-left-medium:2.88%;--awb-width-small:100%;--awb-order-small:0;--awb-spacing-right-small:1.92%;--awb-spacing-left-small:1.92%;\"><div class=\"fusion-column-wrapper fusion-column-has-shadow fusion-flex-justify-content-flex-start fusion-content-layout-column\"><div class=\"fusion-builder-row fusion-builder-row-inner fusion-row fusion-flex-align-items-flex-start fusion-flex-justify-content-center fusion-flex-content-wrap\" style=\"--awb-flex-grow:0;--awb-flex-grow-medium:0;--awb-flex-grow-small:0;--awb-flex-shrink:0;--awb-flex-shrink-medium:0;--awb-flex-shrink-small:0;width:104% !important;max-width:104% !important;margin-left: calc(-4% \/ 2 );margin-right: calc(-4% \/ 2 );\"><div class=\"fusion-layout-column fusion_builder_column_inner fusion-builder-nested-column-0 fusion_builder_column_inner_1_2 1_2 fusion-flex-column\" style=\"--awb-padding-bottom:0px;--awb-bg-size:cover;--awb-width-large:50%;--awb-margin-top-large:0px;--awb-spacing-right-large:3.84%;--awb-margin-bottom-large:0px;--awb-spacing-left-large:3.84%;--awb-width-medium:50%;--awb-order-medium:0;--awb-spacing-right-medium:3.84%;--awb-spacing-left-medium:3.84%;--awb-width-small:100%;--awb-order-small:0;--awb-spacing-right-small:1.92%;--awb-spacing-left-small:1.92%;\"><div class=\"fusion-column-wrapper fusion-column-has-shadow fusion-flex-justify-content-flex-start fusion-content-layout-row\"><\/div><\/div><div class=\"fusion-layout-column fusion_builder_column_inner fusion-builder-nested-column-1 fusion_builder_column_inner_1_2 1_2 fusion-flex-column fusion-column-inner-bg-wrapper\" style=\"--awb-padding-bottom:0px;--awb-inner-bg-size:cover;--awb-width-large:50%;--awb-margin-top-large:0px;--awb-spacing-right-large:3.84%;--awb-margin-bottom-large:0px;--awb-spacing-left-large:3.84%;--awb-width-medium:50%;--awb-order-medium:0;--awb-spacing-right-medium:3.84%;--awb-spacing-left-medium:3.84%;--awb-width-small:100%;--awb-order-small:0;--awb-spacing-right-small:1.92%;--awb-spacing-left-small:1.92%;\"><span class=\"fusion-column-inner-bg hover-type-none\"><a class=\"fusion-column-anchor\" href=\"https:\/\/cannabis-leitfaden.schule\/?page_id=421\"><span class=\"fusion-column-inner-bg-image\"><\/span><\/a><\/span><div class=\"fusion-column-wrapper fusion-column-has-shadow fusion-flex-justify-content-flex-end fusion-content-layout-row\"><div class=\"fusion-text fusion-text-3 fusion-text-no-margin\" style=\"--awb-font-size:var(--awb-typography3-font-size);--awb-line-height:var(--awb-typography3-line-height);--awb-letter-spacing:var(--awb-typography3-letter-spacing);--awb-text-transform:uppercase;--awb-text-color:var(--awb-color4);--awb-margin-top:0px;--awb-margin-bottom:0px;--awb-text-font-family:var(--awb-typography3-font-family);--awb-text-font-weight:var(--awb-typography3-font-weight);--awb-text-font-style:var(--awb-typography3-font-style);\"><p>Schritt 2: Planung \u2192<\/p>\n<\/div><\/div><\/div><\/div><\/div><\/div><\/div><\/div>\n","protected":false},"excerpt":{"rendered":"","protected":false},"author":1,"featured_media":0,"parent":229,"menu_order":0,"comment_status":"closed","ping_status":"closed","template":"100-width.php","meta":{"footnotes":""},"class_list":["post-415","page","type-page","status-publish","hentry"],"_links":{"self":[{"href":"https:\/\/cannabis-leitfaden.schule\/index.php?rest_route=\/wp\/v2\/pages\/415","targetHints":{"allow":["GET"]}}],"collection":[{"href":"https:\/\/cannabis-leitfaden.schule\/index.php?rest_route=\/wp\/v2\/pages"}],"about":[{"href":"https:\/\/cannabis-leitfaden.schule\/index.php?rest_route=\/wp\/v2\/types\/page"}],"author":[{"embeddable":true,"href":"https:\/\/cannabis-leitfaden.schule\/index.php?rest_route=\/wp\/v2\/users\/1"}],"replies":[{"embeddable":true,"href":"https:\/\/cannabis-leitfaden.schule\/index.php?rest_route=%2Fwp%2Fv2%2Fcomments&post=415"}],"version-history":[{"count":44,"href":"https:\/\/cannabis-leitfaden.schule\/index.php?rest_route=\/wp\/v2\/pages\/415\/revisions"}],"predecessor-version":[{"id":821,"href":"https:\/\/cannabis-leitfaden.schule\/index.php?rest_route=\/wp\/v2\/pages\/415\/revisions\/821"}],"up":[{"embeddable":true,"href":"https:\/\/cannabis-leitfaden.schule\/index.php?rest_route=\/wp\/v2\/pages\/229"}],"wp:attachment":[{"href":"https:\/\/cannabis-leitfaden.schule\/index.php?rest_route=%2Fwp%2Fv2%2Fmedia&parent=415"}],"curies":[{"name":"wp","href":"https:\/\/api.w.org\/{rel}","templated":true}]}}